17).
2
Let m(z) = -7*z - 187. Calculate m(-11).
-110
Let z(c) = -291*c - 7041. Determine z(-24).
-57
Let k(m) = -m**2 - 37*m - 431. What is k(-13)?
-119
Let t(z) = z**2 - 27*z + 95. Determine t(21).
-31
Let j(m) = -3*m**3 - 51*m**2 - 41*m - 37. What is j(-16)?
-149
Let d(q) = 1113*q - 1119. Give d(1).
-6
Let l(q) = -q**3 + 23*q**2 - 56*q + 15. Determine l(21).
-279
Let g(d) = 3*d**3 + 8*d**2 - 30*d + 18. Determine g(-5).
-7
Let p(t) = 77*t**2 - 306*t - 7. What is p(4)?
1
Let p(k) = 2*k**3 - 56*k**2 + 194*k - 78. What is p(24)?
-30
Let y(a) = -a**3 - 87*a**2 + 243*a - 2433. Calculate y(-90).
-3
Let y(b) = -3*b**3 + 6*b**2 + 11*b + 5. Give y(3).
11
Let c(i) = -i**3 - 17*i**2 + 19*i - 348. Determine c(-19).
13
Let p(v) = 8*v**2 - 2*v - 35. Give p(2).
-7
Let j(y) = -y**2 - 43*y - 284. What is j(-33)?
46
Let a(h) = 2233*h**2 + 8931*h - 10. Give a(-4).
-6
Let g(k) = -k**2 + 76*k + 237. What is g(-3)?
0
Let a(k) = 9*k**2 + 45*k + 11. Give a(-6).
65
Let d(s) = -s**3 - 24*s**2 - s + 106. Give d(-24).
130
Let o(n) = -6*n**2 - 93*n - 125. Determine o(-14).
1
Let r(o) = -44*o + 95. Give r(6).
-169
Let d(v) = -v**3 + 32*v**2 + 4*v + 193. Give d(32).
321
Let g(s) = -6*s**2 + 17*s + 255. Determine g(8).
7
Let q(l) = 87*l + 1104. Give q(-17).
-375
Let z(x) = -6*x**2 + 39*x + 840. Give z(-10).
-150
Let d(a) = -2*a**2 + 228*a + 1960. What is d(-8)?
8
Let o(g) = -2*g**2 + 70*g - 528. Calculate o(21).
60
Let d(j) = -10*j**2 - 2*j + 4. Calculate d(-2).
-32
Let o(a) = 414*a + 2422. Calculate o(-6).
-62
Let x(i) = -4028*i - 213485. Determine x(-53).
-1
Let u(m) = 183*m - 10246. Give u(56).
2
Let o(m) = 45*m**2 + 150*m + 148. Give o(-1).
43
Let u(w) = 6*w + 46. Give u(-8).
-2
Let t(w) = -101*w + 2329. What is t(23)?
6
Let k(p) = 28*p + 566. Determine k(-21).
-22
Let y(n) = n**2 - 79*n + 634. Give y(9).
4
Let p(w) = 138*w + 388. What is p(-3)?
-26
Let x(h) = -128*h**2 + 505*h - 2. What is x(4)?
-30
Let x(q) = -2*q**2 + 133*q - 5. What is x(59)?
880
Let y(a) = -3383*a + 43990. Determine y(13).
11
Let j(c) = -c**3 + 18*c**2 - 23*c + 76. Determine j(17).
-26
Let c(l) = l**3 - 14*l**2 + 40*l + 36. Determine c(5).
11
Let x(i) = 2*i**2 + 187*i + 1725. Give x(-10).
55
Let n(x) = 159*x - 4455. Calculate n(28).
-3
Let b(o) = 2*o**3 + 9*o**2 - 41*o - 12. What is b(-7)?
30
Let j(r) = r**3 - 40*r**2 - 18*r - 940. What is j(41)?
3
Let g(f) = 52*f - 692. Give g(13).
-16
Let j(g) = 96*g - 478. Give j(5).
2
Let q(c) = 6*c**3 - 4*c**2 + 4*c - 5. Determine q(-3).
-215
Let l(f) = -f**2 - 21*f + 63. Determine l(3).
-9
Let d(p) = -p**3 - 91*p**2 + 189*p + 253. Calculate d(-93).
-26
Let w(j) = 7*j**2 - 89*j - 330. Calculate w(15).
-90
Let z(x) = 2*x**2 - 21*x - 144. Determine z(15).
-9
Let o(h) = -2*h**3 - 24*h**2 + 23*h - 24. Determine o(-13).
15
Let l(z) = 21*z - 34. Determine l(8).
134
Let h(i) = -i**2 - 55*i - 408. Determine h(-9).
6
Let u(r) = -r**3 - 6*r**2 - 16*r - 46. Calculate u(-5).
9
Let x(f) = f**3 + 5*f**2 - 97*f - 29. What is x(-12)?
127
Let w(u) = -21*u + 1837. Calculate w(89).
-32
Let b(k) = -189*k + 3396. Give b(18).
-6
Let m(t) = -128*t + 317. Determine m(5).
-323
Let c(z) = -z**3 + 11*z**2 - 19*z + 3. Determine c(2).
1
Let o(k) = 12*k**2 + 1557*k - 385. Calculate o(-130).
5
Let d(j) = -269*j + 119. Determine d(-2).
657
Let w(t) = -2*t**2 + 147*t + 4. Give w(0).
4
Let b(i) = -i**3 + 24*i**2 - 5*i + 68. Calculate b(24).
-52
Let p(t) = 181*t - 2871. Calculate p(16).
25
Let y(k) = k**2 - 2493*k - 10. Calculate y(0).
-10
Let f(r) = -2*r**2 + 58*r - 171. Determine f(26).
-15
Let h(g) = -4*g**2 + 34*g - 78. Determine h(2).
-26
Let y(p) = -p**3 - 12*p**2 - 12*p + 43. Determine y(-10).
-37
Let v(q) = q**3 - 20*q**2 + 88*q + 17. Calculate v(9).
-82
Let v(x) = 4*x**3 + 113*x**2 + 33*x + 194. What is v(-28)?
54
Let u(y) = 70624*y - 211879. What is u(3)?
-7
Let i(r) = -r**3 + 15*r**2 - 51*r - 38. Give i(8).
2
Let x(o) = -5*o**3 + 28*o**2 + 8*o + 19. Calculate x(6).
-5
Let v(a) = -4*a + 117. Determine v(41).
-47
Let m(j) = 38*j + 99. Calculate m(5).
289
Let b(h) = -2*h**2 - 415*h - 12515. Determine b(-171).
-32
Let r(b) = -b + 204. Calculate r(17).
187
Let v(m) = 2*m**2 - 498*m + 1473. Calculate v(246).
-3
Let g(a) = a**3 - 44*a**2 - 4*a + 42. Determine g(44).
-134
Let g(f) = -299*f - 6365. Determine g(-21).
-86
Let o(g) = -7*g**3 - 15*g**2 + 39*g - 5. Determine o(4).
-537
Let n(b) = 117*b**2 - 155*b + 313. Determine n(2).
471
Let a(q) = q**3 + 7*q**2 - 55*q - 408. Give a(-8).
-32
Let q(x) = -x**3 + 32*x**2 - 11*x + 78. Calculate q(32).
-274
Let w(j) = j**2 - 72*j + 287. What is w(4)?
15
Let s(l) = -l**3 - 36*l**2 - 5*l - 90. What is s(-36)?
90
Let d(l) = -51*l**2 + 23*l + 27. What is d(-1)?
-47
Let d(l) = 291*l + 11128. Give d(-38).
70
Let o(j) = -151*j**2 + 7*j + 4. Give o(-1).
-154
Let v(m) = 223*m + 211. Give v(-1).
-12
Let j(q) = q**2 + 6*q - 2. Give j(-8).
14
Let u(k) = 70*k - 332. Give u(5).
18
Let z(x) = -3*x**2 - 82*x - 162. Calculate z(-25).
13
Let a(d) = 2*d**3 + 96*d**2 + 353*d + 10. Calculate a(-44).
-34
Let x(n) = -n**3 + 3*n**2 - 12*n + 10. Calculate x(2).
-10
Let y(d) = d**2 + 26*d + 73. Give y(-3).
4
Let u(l) = l**3 - 41*l + 105. Give u(3).
9
Let c(r) = -960*r - 2837. Give c(-3).
43
Let g(r) = -666*r - 17312. Determine g(-26).
4
Let g(n) = -4*n - 857. Determine g(-16).
-793
Let r(t) = 140*t - 19315. Give r(138).
5
Let y(f) = -6091*f - 2. Give y(0).
-2
Let g(f) = -2*f**3 + 26*f**2 + 463*f - 5835. Give g(12).
9
Let m(w) = -28*w - 166. Determine m(-3).
-82
Let x(t) = -t**3 - 7*t**2 - 1290*t - 10389. Give x(-8).
-5
Let o(q) = -4*q**3 - 188*q**2 + 3*q + 146. Calculate o(-47).
5
Let m(q) = -q**2 + 476*q - 6468. Give m(14).
0
Let q(s) = 958*s - 9562. Determine q(10).
18
Let p(t) = -401*t + 1205. Calculate p(3).
2
Let c(s) = -2*s**2 - 38*s - 115. Determine c(-16).
-19
Let x(w) = 47*w + 1217. Give x(-25).
42
Let m(r) = -r**3 + 26*r**2 + 7*r - 777. Determine m(25).
23
Let w(p) = -3*p**3 + 73*p**2 - 75*p - 379. Give w(23).
12
Let c(y) = -y**3 + 182*y**2 - 1402*y + 1734. Determine c(174).
-6
Let t(s) = 53*s - 576. Determine t(11).
7
Let g(d) = d**3 - 195*d**2 - 3371*d - 1043. What is g(211)?
12
Let l(n) = -31*n**3 - 1023*n**2 + 30. Determine l(-33).
30
Let q(u) = -u**2 - 138*u - 4561. Give q(-83).
4
Let l(j) = j**3 + 33*j**2 + 4*j + 96. Calculate l(-33).
-36
Let b(x) = 149*x - 426. What is b(4)?
170
Let i(h) = 44*h + 672. What is i(-17)?
-76
Let z(h) = 13*h**2 + 169*h - 3440. Determine z(-24).
-8
Let t(v) = 78*v - 193. What is t(4)?
119
Let x(n) = n**3 + 16*n**2 - 14*n - 24. What is x(-17)?
-75
Let l(y) = 4*y + 26. Calculate l(-9).
-10
Let h(u) = -567*u + 10777. Determine h(19).
4
Let a(f) = 4*f**2 + 3*f - 2. Calculate a(-5).
83
Let b(z) = -z**3 + 176. What is b(0)?
176
Let n(h) = -h**2 + 28*h - 179. Give n(19).
-8
Let q(w) = -2*w**3 + 101*w**2 + 136*w + 1038. Give q(52).
-2
Let q(l) = -l**3 - 34*l**2 - 286*l + 5. Calculate q(-15).
20
Let m(c) = 251*c + 276. Calculate m(2).
778
Let q(h) = -110*h**2 - 2*h - 56. Calculate q(0).
-56
Let j(v) = 19*v - 22. What is j(0)?
-22
Let d(p) = p**2 + 34*p - 1073. Give d(20).
7
Let m(y) = 3*y**2 + 5*y - 65. Calculate m(4).
3
Let i(b) = 266*b + 516. Calculate i(-2).
-16
Let a(z) = z**2 - 11*z + 5. What is a(13)?
31
Let m(b) = b**2 - 3*b + 6. Give m(3).
6
Let r(q) = -31*q + 2362. Give r(75).
37
Let c(x) = 17*x**2 - 24*x - 24. Give c(7).
641
Let b(r) = -13*r**3 - 99*r**2 + 160*r - 29. What is b(-9)?
-11
Let q(f) = -f**2 - 2*f + 221. What is q(14)?
-3
Let l(v) = -3*v**3 - 20*v**2 + 3*v + 13. Determine l(-7).
41
Let h(m) = m + 26. Determine h(-28).
-2
Let y(b) = -3*b**2 + 10*b + 19. Calculate y(9).
-134
Let m(s) = 16*s - 10. Calculate m(4).
54
Let s(f) = -2*f**3 - 4*f**2 + 15*f + 12. What is s(-7)?
397
Let u(t) = -t**3 + 14*t**2 + 14*t + 249. What is u(16)?
-39
Let w(x) = -x - 76. Calculate w(-22).
-54
Let i(l) = 55*l**2 - 3*l - 20. Give i(-3).
484
Let k(g) = -2*g**3 - 38*g**2 + 56*g + 22. Determine k(-21).
610
Let v(t) = t**2 + 45*t - 1092. What is v(-63)?
42
Let o(a) = -a**3 + 24*a**2 - 23*a + 545. What is o(24)?
-7
Let i(b) = b**2 - 70*b - 1169. Determine i(-15).
106
Let i(l) = -l**2 - 12*l + 6. Calculate i(-12).
6
Let y(o) = o**3 - 19*o**2 - 2*o + 44. Calculate y(19).
6
Let h(t) = -50*t**2 - 448*t + 7. What is h(-9)?
-11
Let y(i) = i**3 - i